{"id":337,"date":"2026-02-21T15:02:39","date_gmt":"2026-02-21T15:02:39","guid":{"rendered":"https:\/\/tobias.vintech.systems\/?post_type=product&#038;p=337"},"modified":"2026-02-21T15:58:12","modified_gmt":"2026-02-21T15:58:12","slug":"turnbeutel-feuerwehr-helm-retten-loeschen-bergen-schuetzen","status":"publish","type":"product","link":"https:\/\/shop-aufkleber.de\/index.php\/produkt\/turnbeutel-feuerwehr-helm-retten-loeschen-bergen-schuetzen\/","title":{"rendered":"Turnbeutel Feuerwehr Helm Retten L\u00f6schen Bergen Sch\u00fctzen"},"content":{"rendered":"<p>Sehr sch\u00f6ner Turnbeutel mit Logo &#8222;Feuerwehrhelm Retten L\u00f6schen Bergen Sch\u00fctzen&#8220;<\/p>\n<div>\n<div>Gerne auch anderes Logo (nach Muster) oder Logo mit Namen<\/div>\n<div><\/div>\n<div>Ma\u00dfe: 37&#215;46 cm<\/div>\n<div><\/div>\n<div>Material: 100% Baumwolle<\/div>\n<\/div>\n","protected":false},"excerpt":{"rendered":"<p>Turnbeutel Feuerwehrhelm Retten L\u00f6schen Bergen Sch\u00fctzen<\/p>\n","protected":false},"featured_media":204,"comment_status":"open","ping_status":"closed","template":"","meta":[],"product_brand":[],"product_cat":[15],"product_tag":[],"class_list":{"0":"post-337","1":"product","2":"type-product","3":"status-publish","4":"has-post-thumbnail","6":"product_cat-unkategorisiert","8":"first","9":"instock","10":"taxable","11":"shipping-taxable","12":"purchasable","13":"product-type-variable"},"jetpack_sharing_enabled":true,"_links":{"self":[{"href":"https:\/\/shop-aufkleber.de\/index.php\/wp-json\/wp\/v2\/product\/337","targetHints":{"allow":["GET"]}}],"collection":[{"href":"https:\/\/shop-aufkleber.de\/index.php\/wp-json\/wp\/v2\/product"}],"about":[{"href":"https:\/\/shop-aufkleber.de\/index.php\/wp-json\/wp\/v2\/types\/product"}],"replies":[{"embeddable":true,"href":"https:\/\/shop-aufkleber.de\/index.php\/wp-json\/wp\/v2\/comments?post=337"}],"wp:featuredmedia":[{"embeddable":true,"href":"https:\/\/shop-aufkleber.de\/index.php\/wp-json\/wp\/v2\/media\/204"}],"wp:attachment":[{"href":"https:\/\/shop-aufkleber.de\/index.php\/wp-json\/wp\/v2\/media?parent=337"}],"wp:term":[{"taxonomy":"product_brand","embeddable":true,"href":"https:\/\/shop-aufkleber.de\/index.php\/wp-json\/wp\/v2\/product_brand?post=337"},{"taxonomy":"product_cat","embeddable":true,"href":"https:\/\/shop-aufkleber.de\/index.php\/wp-json\/wp\/v2\/product_cat?post=337"},{"taxonomy":"product_tag","embeddable":true,"href":"https:\/\/shop-aufkleber.de\/index.php\/wp-json\/wp\/v2\/product_tag?post=337"}],"curies":[{"name":"wp","href":"https:\/\/api.w.org\/{rel}","templated":true}]}}